{"id":1766,"date":"2025-06-12T20:56:32","date_gmt":"2025-06-12T18:56:32","guid":{"rendered":"https:\/\/www.geschiedenismelderslo.nl\/wordpress\/?page_id=1766"},"modified":"2025-06-12T20:57:22","modified_gmt":"2025-06-12T18:57:22","slug":"2025-05","status":"publish","type":"page","link":"http:\/\/www.geschiedenismelderslo.nl\/wordpress\/nieuwsbrief\/2025-2\/2025-05\/","title":{"rendered":"2025-05: Wist u dat &#8230; &#8220;de dag die ik nooit zal vergeten 13 maart 1945&#8221;"},"content":{"rendered":"\n<p>Het verhaal van Wiel Cuijpers zoals voorgelezen door zijn dochter Will Niessen en kleinzoon Pim Niessen op 4 mei 2025.  Wiel hield tijdens zijn verblijf in Duitsland een dagboek bij, het verhaal is daar op gebaseerd. Het dagboek van hem wordt ook genoemd in het boek &#8216;Sporen die bleven&#8217; .<\/p>\n\n\n<div class=\"wp-block-image\">\n<figure class=\"aligncenter size-large\"><a href=\"https:\/\/www.geschiedenismelderslo.nl\/wordpress\/wp-content\/uploads\/2025\/06\/202505_4mei2025_1v2.jpg\" target=\"_blank\" rel=\" noreferrer noopener\"><img loading=\"lazy\" decoding=\"async\" width=\"1024\" height=\"461\" src=\"http:\/\/www.geschiedenismelderslo.nl\/wordpress\/wp-content\/uploads\/2025\/06\/202505_4mei2025_1v2-1024x461.jpg\" alt=\"202505_4mei2025_1v2\" class=\"wp-image-1765\" srcset=\"http:\/\/www.geschiedenismelderslo.nl\/wordpress\/wp-content\/uploads\/2025\/06\/202505_4mei2025_1v2-1024x461.jpg 1024w, http:\/\/www.geschiedenismelderslo.nl\/wordpress\/wp-content\/uploads\/2025\/06\/202505_4mei2025_1v2-300x135.jpg 300w, http:\/\/www.geschiedenismelderslo.nl\/wordpress\/wp-content\/uploads\/2025\/06\/202505_4mei2025_1v2-768x346.jpg 768w, http:\/\/www.geschiedenismelderslo.nl\/wordpress\/wp-content\/uploads\/2025\/06\/202505_4mei2025_1v2-1536x692.jpg 1536w, http:\/\/www.geschiedenismelderslo.nl\/wordpress\/wp-content\/uploads\/2025\/06\/202505_4mei2025_1v2.jpg 2016w\" sizes=\"auto, (max-width: 1024px) 100vw, 1024px\" \/><\/a><figcaption class=\"wp-element-caption\">Melderslo, 4 mei 2025.<\/figcaption><\/figure><\/div>\n\n<div class=\"wp-block-image\">\n<figure class=\"aligncenter size-large\"><a href=\"https:\/\/www.geschiedenismelderslo.nl\/wordpress\/wp-content\/uploads\/2025\/06\/202505_4mei2025_2v2.jpg\" target=\"_blank\" rel=\" noreferrer noopener\"><img loading=\"lazy\" decoding=\"async\" width=\"1024\" height=\"461\" src=\"http:\/\/www.geschiedenismelderslo.nl\/wordpress\/wp-content\/uploads\/2025\/06\/202505_4mei2025_2v2-1024x461.jpg\" alt=\"202505_4mei2025_2v2\" class=\"wp-image-1764\" srcset=\"http:\/\/www.geschiedenismelderslo.nl\/wordpress\/wp-content\/uploads\/2025\/06\/202505_4mei2025_2v2-1024x461.jpg 1024w, http:\/\/www.geschiedenismelderslo.nl\/wordpress\/wp-content\/uploads\/2025\/06\/202505_4mei2025_2v2-300x135.jpg 300w, http:\/\/www.geschiedenismelderslo.nl\/wordpress\/wp-content\/uploads\/2025\/06\/202505_4mei2025_2v2-768x346.jpg 768w, http:\/\/www.geschiedenismelderslo.nl\/wordpress\/wp-content\/uploads\/2025\/06\/202505_4mei2025_2v2-1536x692.jpg 1536w, http:\/\/www.geschiedenismelderslo.nl\/wordpress\/wp-content\/uploads\/2025\/06\/202505_4mei2025_2v2.jpg 2016w\" sizes=\"auto, (max-width: 1024px) 100vw, 1024px\" \/><\/a><figcaption class=\"wp-element-caption\">Melderslo, 4 mei 2025. Will Niessen en Pim Niessen lezen het verhaal van Wiel voor.<\/figcaption><\/figure><\/div>\n\n\n<h2 class=\"wp-block-heading\">Het verhaal van Wiel<\/h2>\n\n\n\n<p>Mijn naam is Wiel Cuijpers. Ik was 23 jaar oud toen mijn leven in \u00e9\u00e9n klap veranderde.<\/p>\n\n\n\n<p>Het was 17 november 1944. Een dag niet anders dan andere dagen hoewel we wisten dat de situatie steeds kritieker werd. Al vroeg werden we gewaarschuwd: razzia. Vader, mijn broer Mart en ik verstopten ons onder het hooi en wachtten af. Na een poosje dachten we dat het wel meeviel, Mart en ik gingen weer naar binnen, dronken een kop koffie en verstopten ons op de zolder. Plots hoorden we gestommel en Duitse stemmen in huis. Voetstappen op de trap en twee jonge Duitse soldaten kwamen de kamer binnen. Daar stonden we, sigaret in de hand, zogenaamd kalm. De soldaten sommeerden ons naar beneden te gaan. Ze begonnen te commanderen: \u201ceten voor twee dagen, een deken, vork en lepel. We vroegen hoe lang we weg moesten. Ze zeiden: \u201ceen paar dagen.\u201d Wij wisten wel beter.<\/p>\n\n\n\n<p>Jantje, mijn broertje, begon te huilen. Moeder ook. Ik stak mijn zakken vol met eigen teelt sigaren, gaf iedereen een hand, en liep naar buiten. Nog \u00e9\u00e9n blik op het huis, op de veiligheid. En toen begon het. Te voet naar Broekhuizen, de Maas over en naar Arcen. Van daar met een open tramwagon naar station Venlo, daar werden we in veewagons gepropt. Het regende en het water sijpelde overal tussendoor. We waren doornat. Onderweg werden we beschoten door vliegtuigen. Kogels, paniek. Sommigen sprongen van de wagen. Schoten volgden. Sommigen vielen. Wij bleven.<br>Na twee dagen zijn we in Wuppertal. In kampen, op houten vloeren, sliepen we tussen Russen en ratten. We aten en baden. Want geloof hield ons overeind. Niet uit gewoonte, maar uit noodzaak. Als alles je wordt afgenomen, wil je iets vasthouden. We moesten werken. Aan het spoor. Tussen de brokstukken van wat ooit steden waren. We zagen honger, kou en dood.<\/p>\n\n\n\n<p>En toen kwam de dag die ik nooit zal vergeten: 13 maart 1945.<\/p>\n\n\n\n<p>Het was zonnig weer. Ik was in het Lager, bezig met de was. Ik stond boven een teil met wat water en een beetje zeep. Opeens hoorde ik het: het gebrom in de verte. Eerst zacht, toen harder. Luchtalarm. Alweer, dacht ik. Maar iets voelde anders. Ik keek omhoog \u2014 en ineens vielen ze. De bommen. E\u00e9n voor \u00e9\u00e9n. Een donderend gekraak. Ik lag op straat, plat op mijn buik. Dakpannen, glas, stenen \u2026 alles vloog om me heen. Een wolk van stof. Ik sprong op, wilde rennen, biddend dat ik het zou halen, maar toen begon het opnieuw. Een tweede golf. Nog heftiger. Ik zag een man liggen tegen een heuveltje. Ik dook naast hem. Hij keek niet. Hij bewoog niet. Ik kwam half overeind en stootte hem aan, toen draaide hij langzaam zijn hoofd en ik zag het: een gat in zijn hoofd. Toch leefde hij nog. Hij drukte mij tegen de grond en wees dat ik moest blijven liggen. Daar lag ik, de handen over mijn hoofd. Het geluid \u2026 ik vergeet het nooit. Iedere klap voelde als het einde. Alsof de aarde openscheurde. En telkens dacht ik: \u201cDeze is voor mij.\u201d <\/p>\n\n\n\n<p>Plots een donderend geraas, er valt een berg zand op me en een klomp wordt van mijn voet gerukt. Achter me hoorde ik iemand schreeuwen. Een vrouw. En ik dacht: dit is het dan. Dit is waar ik sterf, in een vreemde stad, op een modderige weg, zonder afscheid. Maar ik leefde nog.<\/p>\n\n\n\n<p>Toen het bombardement eindelijk stopte, kwam ik overeind. Tussen het puin. Naast mij drie jonge Russische meisjes en een Tsjech. We keken elkaar aan. Spraken elkaars taal niet, maar we wisten allemaal wat we voelden. Angst, opluchting, tranen.<br>Een paar meter verder lag een brok steen van wel duizend kilo. Precies op de plek waar ik eerder had gelegen. Dat \u2026 dat had mijn graf kunnen zijn.<br>Ik strompelde weg, vond een pantoffel langs de weg, bond hem met een riem aan m\u2019n voet. Een jas, overhemd, broek en \u00e9\u00e9n klomp, dat was mijn bezit. Voor de rest was alles weg. Mijn Lager? Tot de grond afgebrand. En toch \u2026 toch stond ik daar, levend.<br>Ik vond mijn broer Mart terug. Een gelukkig moment, dat kun je denken. We hadden honger, kou, niets dan stof op onze huid. Maar we hadden elkaar nog.<\/p>\n\n\n\n<p>We werden verplaatst naar een nieuw Lager, de dagen verliepen hongerig en koud. We bedelden om eten. Uiteindelijk werden we te werk gesteld bij een tuinder. Onze baas kwam uit Kevelaer, hij was de kwaadste niet, vooral nu de bevrijding in zicht kwam. Op een dag liep er een kater door de kas, de baas riep: \u201cLusten jullie &#8216;m?\u201d en schoot &#8216;m dood. Een uur later zaten we met z\u2019n allen om de pan heen, stukjes vlees op onze vorken. Geen mens die zich afvroeg of het wel kon. Honger maakt alles anders.<\/p>\n\n\n\n<p>En toen \u2026 toen kwam de bevrijding. 18 april 1945. <\/p>\n\n\n\n<p>We waren vrij. De moffen hadden niks meer te zeggen over ons. We waren uitgelaten, als kinderen trokken we door de straten en rookten sigaretten.<br>We gingen te voet naar D\u00fcsseldorf, een tocht van 35 kilometer, om daar de Rijn over te steken. Dat bleek echter niet mogelijk. Na een reis via Luik, Brussel en Tilburg kwam ik op 17 mei 1945 weer thuis. Thuis, weer in huiselijke kring met vrienden en bekenden. Weg met alle gedachten aan Duitsland. In het begin werden we &#8217;s nachts nog geplaagd door angstige dromen maar langzaam keerde de oude rust weder. Onze gewone dagelijkse arbeid met al zijn vreugde en moeilijkheden. Toch, als mijn oog zich richt naar Duitsland, dwalen mijn gedachten er nog dikwijls heen. Vanzelf wordt het verlangen een gebed dat daar ook eenmaal alles weer goed zal worden. Er waren daar inderdaad ook goede mensen.<\/p>\n\n\n\n<h2 class=\"wp-block-heading\">Bron<\/h2>\n\n\n\n<p>Link naar het bestand van het volledige handgeschreven verslag van Wiel op het LEN: <a href=\"https:\/\/limburgserfgoednet.nl\/mediabank\/detail\/e131cf98-87b8-4e0e-1dc2-11d787c1d0cf\/media\/d76c5504-5bb2-5aa7-5fca-e9938ac21288\" target=\"_blank\" rel=\"noreferrer noopener\">hier<\/a> (PDF)<\/p>\n\n\n\n<p><\/p>\n","protected":false},"excerpt":{"rendered":"<p>Het verhaal van Wiel Cuijpers zoals voorgelezen door zijn dochter Will Niessen en kleinzoon Pim Niessen op 4 mei 2025. Wiel hield tijdens zijn verblijf in Duitsland een dagboek bij, het verhaal is daar op gebaseerd. Het dagboek van hem wordt ook genoemd in het boek &#8216;Sporen die bleven&#8217; . Het verhaal van Wiel Mijn &hellip; <a href=\"http:\/\/www.geschiedenismelderslo.nl\/wordpress\/nieuwsbrief\/2025-2\/2025-05\/\" class=\"more-link\">Lees verder <span class=\"screen-reader-text\">2025-05: Wist u dat &#8230; &#8220;de dag die ik nooit zal vergeten 13 maart 1945&#8221;<\/span> <span class=\"meta-nav\">&rarr;<\/span><\/a><\/p>\n","protected":false},"author":2,"featured_media":0,"parent":1705,"menu_order":8,"comment_status":"closed","ping_status":"closed","template":"","meta":{"footnotes":""},"class_list":["post-1766","page","type-page","status-publish","hentry"],"_links":{"self":[{"href":"http:\/\/www.geschiedenismelderslo.nl\/wordpress\/wp-json\/wp\/v2\/pages\/1766","targetHints":{"allow":["GET"]}}],"collection":[{"href":"http:\/\/www.geschiedenismelderslo.nl\/wordpress\/wp-json\/wp\/v2\/pages"}],"about":[{"href":"http:\/\/www.geschiedenismelderslo.nl\/wordpress\/wp-json\/wp\/v2\/types\/page"}],"author":[{"embeddable":true,"href":"http:\/\/www.geschiedenismelderslo.nl\/wordpress\/wp-json\/wp\/v2\/users\/2"}],"replies":[{"embeddable":true,"href":"http:\/\/www.geschiedenismelderslo.nl\/wordpress\/wp-json\/wp\/v2\/comments?post=1766"}],"version-history":[{"count":2,"href":"http:\/\/www.geschiedenismelderslo.nl\/wordpress\/wp-json\/wp\/v2\/pages\/1766\/revisions"}],"predecessor-version":[{"id":1768,"href":"http:\/\/www.geschiedenismelderslo.nl\/wordpress\/wp-json\/wp\/v2\/pages\/1766\/revisions\/1768"}],"up":[{"embeddable":true,"href":"http:\/\/www.geschiedenismelderslo.nl\/wordpress\/wp-json\/wp\/v2\/pages\/1705"}],"wp:attachment":[{"href":"http:\/\/www.geschiedenismelderslo.nl\/wordpress\/wp-json\/wp\/v2\/media?parent=1766"}],"curies":[{"name":"wp","href":"https:\/\/api.w.org\/{rel}","templated":true}]}}

<p>Het verhaal van Wiel Cuijpers zoals voorgelezen door zijn dochter Will Niessen en kleinzoon Pim Niessen op 4 mei 2025.  Wiel hield tijdens zijn verblijf in Duitsland een dagboek bij, het verhaal is daar op gebaseerd. Het dagboek van hem wordt ook genoemd in het boek &#8216;Sporen die bleven&#8217; .</p>


<div class="wp-block-image">
<figure class="aligncenter size-large"><a href="https://www.geschiedenismelderslo.nl/wordpress/wp-content/uploads/2025/06/202505_4mei2025_1v2.jpg" target="_blank" rel=" noreferrer noopener"><img loading="lazy" decoding="async" width="1024" height="461" src="http://www.geschiedenismelderslo.nl/wordpress/wp-content/uploads/2025/06/202505_4mei2025_1v2-1024x461.jpg" alt="202505_4mei2025_1v2" class="wp-image-1765" srcset="http://www.geschiedenismelderslo.nl/wordpress/wp-content/uploads/2025/06/202505_4mei2025_1v2-1024x461.jpg 1024w, http://www.geschiedenismelderslo.nl/wordpress/wp-content/uploads/2025/06/202505_4mei2025_1v2-300x135.jpg 300w, http://www.geschiedenismelderslo.nl/wordpress/wp-content/uploads/2025/06/202505_4mei2025_1v2-768x346.jpg 768w, http://www.geschiedenismelderslo.nl/wordpress/wp-content/uploads/2025/06/202505_4mei2025_1v2-1536x692.jpg 1536w, http://www.geschiedenismelderslo.nl/wordpress/wp-content/uploads/2025/06/202505_4mei2025_1v2.jpg 2016w" sizes="auto, (max-width: 1024px) 100vw, 1024px" /></a><figcaption class="wp-element-caption">Melderslo, 4 mei 2025.</figcaption></figure></div>

<div class="wp-block-image">
<figure class="aligncenter size-large"><a href="https://www.geschiedenismelderslo.nl/wordpress/wp-content/uploads/2025/06/202505_4mei2025_2v2.jpg" target="_blank" rel=" noreferrer noopener"><img loading="lazy" decoding="async" width="1024" height="461" src="http://www.geschiedenismelderslo.nl/wordpress/wp-content/uploads/2025/06/202505_4mei2025_2v2-1024x461.jpg" alt="202505_4mei2025_2v2" class="wp-image-1764" srcset="http://www.geschiedenismelderslo.nl/wordpress/wp-content/uploads/2025/06/202505_4mei2025_2v2-1024x461.jpg 1024w, http://www.geschiedenismelderslo.nl/wordpress/wp-content/uploads/2025/06/202505_4mei2025_2v2-300x135.jpg 300w, http://www.geschiedenismelderslo.nl/wordpress/wp-content/uploads/2025/06/202505_4mei2025_2v2-768x346.jpg 768w, http://www.geschiedenismelderslo.nl/wordpress/wp-content/uploads/2025/06/202505_4mei2025_2v2-1536x692.jpg 1536w, http://www.geschiedenismelderslo.nl/wordpress/wp-content/uploads/2025/06/202505_4mei2025_2v2.jpg 2016w" sizes="auto, (max-width: 1024px) 100vw, 1024px" /></a><figcaption class="wp-element-caption">Melderslo, 4 mei 2025. Will Niessen en Pim Niessen lezen het verhaal van Wiel voor.</figcaption></figure></div>


<h2 class="wp-block-heading">Het verhaal van Wiel</h2>



<p>Mijn naam is Wiel Cuijpers. Ik was 23 jaar oud toen mijn leven in één klap veranderde.</p>



<p>Het was 17 november 1944. Een dag niet anders dan andere dagen hoewel we wisten dat de situatie steeds kritieker werd. Al vroeg werden we gewaarschuwd: razzia. Vader, mijn broer Mart en ik verstopten ons onder het hooi en wachtten af. Na een poosje dachten we dat het wel meeviel, Mart en ik gingen weer naar binnen, dronken een kop koffie en verstopten ons op de zolder. Plots hoorden we gestommel en Duitse stemmen in huis. Voetstappen op de trap en twee jonge Duitse soldaten kwamen de kamer binnen. Daar stonden we, sigaret in de hand, zogenaamd kalm. De soldaten sommeerden ons naar beneden te gaan. Ze begonnen te commanderen: “eten voor twee dagen, een deken, vork en lepel. We vroegen hoe lang we weg moesten. Ze zeiden: “een paar dagen.” Wij wisten wel beter.</p>



<p>Jantje, mijn broertje, begon te huilen. Moeder ook. Ik stak mijn zakken vol met eigen teelt sigaren, gaf iedereen een hand, en liep naar buiten. Nog één blik op het huis, op de veiligheid. En toen begon het. Te voet naar Broekhuizen, de Maas over en naar Arcen. Van daar met een open tramwagon naar station Venlo, daar werden we in veewagons gepropt. Het regende en het water sijpelde overal tussendoor. We waren doornat. Onderweg werden we beschoten door vliegtuigen. Kogels, paniek. Sommigen sprongen van de wagen. Schoten volgden. Sommigen vielen. Wij bleven.<br>Na twee dagen zijn we in Wuppertal. In kampen, op houten vloeren, sliepen we tussen Russen en ratten. We aten en baden. Want geloof hield ons overeind. Niet uit gewoonte, maar uit noodzaak. Als alles je wordt afgenomen, wil je iets vasthouden. We moesten werken. Aan het spoor. Tussen de brokstukken van wat ooit steden waren. We zagen honger, kou en dood.</p>



<p>En toen kwam de dag die ik nooit zal vergeten: 13 maart 1945.</p>



<p>Het was zonnig weer. Ik was in het Lager, bezig met de was. Ik stond boven een teil met wat water en een beetje zeep. Opeens hoorde ik het: het gebrom in de verte. Eerst zacht, toen harder. Luchtalarm. Alweer, dacht ik. Maar iets voelde anders. Ik keek omhoog — en ineens vielen ze. De bommen. Eén voor één. Een donderend gekraak. Ik lag op straat, plat op mijn buik. Dakpannen, glas, stenen … alles vloog om me heen. Een wolk van stof. Ik sprong op, wilde rennen, biddend dat ik het zou halen, maar toen begon het opnieuw. Een tweede golf. Nog heftiger. Ik zag een man liggen tegen een heuveltje. Ik dook naast hem. Hij keek niet. Hij bewoog niet. Ik kwam half overeind en stootte hem aan, toen draaide hij langzaam zijn hoofd en ik zag het: een gat in zijn hoofd. Toch leefde hij nog. Hij drukte mij tegen de grond en wees dat ik moest blijven liggen. Daar lag ik, de handen over mijn hoofd. Het geluid … ik vergeet het nooit. Iedere klap voelde als het einde. Alsof de aarde openscheurde. En telkens dacht ik: “Deze is voor mij.” </p>



<p>Plots een donderend geraas, er valt een berg zand op me en een klomp wordt van mijn voet gerukt. Achter me hoorde ik iemand schreeuwen. Een vrouw. En ik dacht: dit is het dan. Dit is waar ik sterf, in een vreemde stad, op een modderige weg, zonder afscheid. Maar ik leefde nog.</p>



<p>Toen het bombardement eindelijk stopte, kwam ik overeind. Tussen het puin. Naast mij drie jonge Russische meisjes en een Tsjech. We keken elkaar aan. Spraken elkaars taal niet, maar we wisten allemaal wat we voelden. Angst, opluchting, tranen.<br>Een paar meter verder lag een brok steen van wel duizend kilo. Precies op de plek waar ik eerder had gelegen. Dat … dat had mijn graf kunnen zijn.<br>Ik strompelde weg, vond een pantoffel langs de weg, bond hem met een riem aan m’n voet. Een jas, overhemd, broek en één klomp, dat was mijn bezit. Voor de rest was alles weg. Mijn Lager? Tot de grond afgebrand. En toch … toch stond ik daar, levend.<br>Ik vond mijn broer Mart terug. Een gelukkig moment, dat kun je denken. We hadden honger, kou, niets dan stof op onze huid. Maar we hadden elkaar nog.</p>



<p>We werden verplaatst naar een nieuw Lager, de dagen verliepen hongerig en koud. We bedelden om eten. Uiteindelijk werden we te werk gesteld bij een tuinder. Onze baas kwam uit Kevelaer, hij was de kwaadste niet, vooral nu de bevrijding in zicht kwam. Op een dag liep er een kater door de kas, de baas riep: “Lusten jullie &#8216;m?” en schoot &#8216;m dood. Een uur later zaten we met z’n allen om de pan heen, stukjes vlees op onze vorken. Geen mens die zich afvroeg of het wel kon. Honger maakt alles anders.</p>



<p>En toen … toen kwam de bevrijding. 18 april 1945. </p>



<p>We waren vrij. De moffen hadden niks meer te zeggen over ons. We waren uitgelaten, als kinderen trokken we door de straten en rookten sigaretten.<br>We gingen te voet naar Düsseldorf, een tocht van 35 kilometer, om daar de Rijn over te steken. Dat bleek echter niet mogelijk. Na een reis via Luik, Brussel en Tilburg kwam ik op 17 mei 1945 weer thuis. Thuis, weer in huiselijke kring met vrienden en bekenden. Weg met alle gedachten aan Duitsland. In het begin werden we &#8217;s nachts nog geplaagd door angstige dromen maar langzaam keerde de oude rust weder. Onze gewone dagelijkse arbeid met al zijn vreugde en moeilijkheden. Toch, als mijn oog zich richt naar Duitsland, dwalen mijn gedachten er nog dikwijls heen. Vanzelf wordt het verlangen een gebed dat daar ook eenmaal alles weer goed zal worden. Er waren daar inderdaad ook goede mensen.</p>



<h2 class="wp-block-heading">Bron</h2>



<p>Link naar het bestand van het volledige handgeschreven verslag van Wiel op het LEN: <a href="https://limburgserfgoednet.nl/mediabank/detail/e131cf98-87b8-4e0e-1dc2-11d787c1d0cf/media/d76c5504-5bb2-5aa7-5fca-e9938ac21288" target="_blank" rel="noreferrer noopener">hier</a> (PDF)</p>



<p></p>
